{"id":141,"date":"2025-09-25T02:34:14","date_gmt":"2025-09-25T02:34:14","guid":{"rendered":"https:\/\/leonycanoconsultoria.com\/?page_id=141"},"modified":"2025-09-25T02:40:33","modified_gmt":"2025-09-25T02:40:33","slug":"servicios-especializados","status":"publish","type":"page","link":"https:\/\/leonycanoconsultoria.com\/index.php\/servicios\/servicios-especializados\/","title":{"rendered":"Servicios especializados"},"content":{"rendered":"\n<p><strong>PRESTACI\u00d3N DE SERVICIOS PROFESIONALES PARA EL DESARROLLO DE ACTIVIDADES RELACIONADAS CON LA RECOLECCI\u00d3N DE DATOS, APLICACI\u00d3N DE ENCUESTAS, PROCESAMIENTO, AN\u00c1LISIS Y DISE\u00d1O ESTRAT\u00c9GICO, CON EL FIN DE MEJORAR LA TOMA DE DECISIONES EN TEMAS POL\u00cdTICOS, ELECTORALES O DE GOBERNANZA.<\/strong><\/p>\n\n\n\n<p>Somos una propuesta de servicio profesional para fortalecer la toma de decisiones con datos, sea para afianzar la imagen institucional y mejorar la gobernanza, o para estructurar una estrategia pol\u00edtica o electoral.<\/p>\n\n\n\n<ul class=\"wp-block-list\">\n<li><strong>Dise\u00f1amos e implementamos los instrumentos de recolecci\u00f3n de informaci\u00f3n estad\u00edstica y socioecon\u00f3mica:<\/strong> formulamos y desarrollamos fichas t\u00e9cnicas, formularios y metodolog\u00edas para la recopilaci\u00f3n de datos, segmentados por g\u00e9nero, zona (urbana y rural), sector y centro poblado; as\u00ed como realizamos las visitas domiciliarias para la aplicaci\u00f3n de encuestas, garantizando representatividad y confiabilidad de la informaci\u00f3n levantada.<\/li>\n\n\n\n<li><strong>Analizamos y documentamos las problem\u00e1ticas sociales, niveles de satisfacci\u00f3n y percepci\u00f3n institucional:<\/strong> Identificando las principales problem\u00e1ticas sociales, la evaluaci\u00f3n, la percepci\u00f3n y satisfacci\u00f3n ciudadana frente a aspectos fundamentales como salud, educaci\u00f3n, seguridad, empleo, vivienda, cultura y otros temas clave de bienestar; as\u00ed como valorar la favorabilidad frente a las instituciones p\u00fablicas del orden municipal y personajes o actores pol\u00edticos del territorio.<\/li>\n<\/ul>\n\n\n\n<ul class=\"wp-block-list\">\n<li><strong>Proponemos estrategias pol\u00edticas y de comunicaci\u00f3n p\u00fablica con base en resultados: <\/strong>nuestra experiencianos permite sugerir estrategias de comunicaci\u00f3n institucional y gobernanza que fortalezcan el v\u00ednculo entre la administraci\u00f3n y la ciudadan\u00eda.<\/li>\n\n\n\n<li><strong>Formulamos recomendaciones estrat\u00e9gicas para la orientaci\u00f3n de pol\u00edticas p\u00fablicas y gobernanza digital:<\/strong> Elaboramos an\u00e1lisis comparativos entre el Plan de Desarrollo y la percepci\u00f3n ciudadana, ofreciendo una visi\u00f3n estrat\u00e9gica que oriente la toma de decisiones p\u00fablicas, el dise\u00f1o de pol\u00edticas y la priorizaci\u00f3n de acciones gubernamentales que respondan a las verdaderas expectativas de la ciudadan\u00eda.<\/li>\n\n\n\n<li><strong>Entregamos insumos t\u00e9cnicos para el desarrollo pol\u00edtico y social:<\/strong> con base en los hallazgos del estudio, planteamos escenarios futuros de orden pol\u00edtico y electoral, que permita tomar decisiones con datos, evitando la frustraci\u00f3n de tomar acciones que no correspondan con la realidad o la conexi\u00f3n popular.<\/li>\n<\/ul>\n\n\n\n<p>Si quiere minimizar los errores en sus decisiones estamos para ayudarle.<\/p>\n","protected":false},"excerpt":{"rendered":"<p>PRESTACI\u00d3N DE SERVICIOS PROFESIONALES PARA EL DESARROLLO DE ACTIVIDADES RELACIONADAS CON LA RECOLECCI\u00d3N DE DATOS, APLICACI\u00d3N DE ENCUESTAS, PROCESAMIENTO, AN\u00c1LISIS Y DISE\u00d1O ESTRAT\u00c9GICO, CON EL FIN DE MEJORAR LA TOMA DE DECISIONES EN TEMAS POL\u00cdTICOS, ELECTORALES O DE GOBERNANZA. Somos una propuesta de servicio profesional para fortalecer la toma de decisiones con datos, sea para [&hellip;]<\/p>\n","protected":false},"author":1,"featured_media":0,"parent":49,"menu_order":0,"comment_status":"closed","ping_status":"closed","template":"","meta":{"footnotes":""},"class_list":["post-141","page","type-page","status-publish","hentry"],"_links":{"self":[{"href":"https:\/\/leonycanoconsultoria.com\/index.php\/wp-json\/wp\/v2\/pages\/141","targetHints":{"allow":["GET"]}}],"collection":[{"href":"https:\/\/leonycanoconsultoria.com\/index.php\/wp-json\/wp\/v2\/pages"}],"about":[{"href":"https:\/\/leonycanoconsultoria.com\/index.php\/wp-json\/wp\/v2\/types\/page"}],"author":[{"embeddable":true,"href":"https:\/\/leonycanoconsultoria.com\/index.php\/wp-json\/wp\/v2\/users\/1"}],"replies":[{"embeddable":true,"href":"https:\/\/leonycanoconsultoria.com\/index.php\/wp-json\/wp\/v2\/comments?post=141"}],"version-history":[{"count":2,"href":"https:\/\/leonycanoconsultoria.com\/index.php\/wp-json\/wp\/v2\/pages\/141\/revisions"}],"predecessor-version":[{"id":145,"href":"https:\/\/leonycanoconsultoria.com\/index.php\/wp-json\/wp\/v2\/pages\/141\/revisions\/145"}],"up":[{"embeddable":true,"href":"https:\/\/leonycanoconsultoria.com\/index.php\/wp-json\/wp\/v2\/pages\/49"}],"wp:attachment":[{"href":"https:\/\/leonycanoconsultoria.com\/index.php\/wp-json\/wp\/v2\/media?parent=141"}],"curies":[{"name":"wp","href":"https:\/\/api.w.org\/{rel}","templated":true}]}}